t is the highest common divisor of s and 10?
5
Let p = -3343 + 4654. What is the greatest common factor of p and 621?
69
Let x = -12407 + 19292. Calculate the highest common divisor of 170 and x.
85
Let u = -30678 + 30936. Calculate the greatest common factor of u and 2666.
86
Suppose -2*y + 0*z = z + 7, -2*y - 10 = 4*z. Let v(l) = 13*l + 94. Let k be v(-7). Let d be k + 0 + y + 34. What is the greatest common factor of d and 68?
34
Suppose -186 = -5*i + c, 9*i - 10*i + 2*c + 30 = 0. Calculate the greatest common divisor of i and 11476.
38
Let y be 30/(-70) + (-422332)/(-133). Calculate the greatest common factor of y and 25.
25
Let d(c) = c**3 + 28*c**2 + c + 7. Let r be d(0). Let a(o) = -18 + 0*o**2 + 0*o + o**2 - o. Let t be a(r). Calculate the highest common divisor of 36 and t.
12
Suppose 4*t + 5 = -5*y, -27*y + 5 = -28*y. Suppose 2*z = -4, -g + 5*z = -t*g + 134. What is the highest common divisor of g and 135?
9
Suppose -4*y + 24 = -2*u, -3*y + 4*u + 19 = 2*u. Suppose 5*c - 210 = -y*s, -2*c - 3*s - 4 = -83. Let f = 49 - c. What is the highest common divisor of f and 8?
2
Let x = 2599 + -1609. Suppose 254 = 91*r - 78*r + 2*m, -4*m = -3*r + 130. Calculate the greatest common divisor of r and x.
22
Suppose -26*c - 1188 = -48*c - 11*c. Calculate the greatest common divisor of c and 1764.
36
Suppose 0 = 202*l - 206*l + 1428. Suppose 13*i - 11*i - 4 = 0, 0 = 3*s + 3*i - 57. What is the highest common factor of s and l?
17
Suppose -3 = -2*r + 11. Suppose -15*m + 8 = -r. Let t be (294/(-28))/(m + (-7)/4). What is the highest common factor of 98 and t?
14
Let t be 1/(40/(-24)) + 243/5. Suppose 0 = n + 2*o - t, -n = -0*n - 3*o - 38. What is the greatest common factor of 22 and n?
22
Suppose -2*u - 135 = -143. Let d be 1/(-3) + (-30)/(-9). Suppose -5*h - 2*j + 19 = -d*j, -3*h + 15 = 3*j. What is the greatest common factor of u and h?
4
Suppose -4*s - h + 17 = -0, -3*h + 23 = 5*s. Suppose -4*m = s*a - 28, m = -3*m + 5*a + 37. Let g = -99 - -107. Calculate the greatest common divisor of m and g.
8
Suppose g + 4 = 0, 2*g = 3*i - 63 - 5. Suppose i*n + 432 = 32*n. What is the greatest common divisor of n and 12?
12
Suppose -10*w - 255 = -27*w. Suppose 430 = w*o - 650. Calculate the highest common factor of 48 and o.
24
Let k(p) = -22*p + 143. Let o be k(5). Calculate the greatest common factor of 649 and o.
11
Suppose -k - 2*w - 3*w + 7 = 0, 0 = 5*k - 2*w - 62. Suppose m - p - 89 = 315, -1216 = -3*m + 5*p. What is the greatest common factor of m and k?
6
Let z(y) = y**3 - 2*y**2 - y + 2. Let f be z(3). Let o be 144/(314/(-32) - -10). Let a be o/66 + (-4)/(-11). Calculate the highest common factor of f and a.
4
Let n = 3401 + -3201. Calculate the highest common factor of 640 and n.
40
Suppose -58*r + 121 = -57*r + 2*j, 0 = -3*r + 2*j + 347. Suppose -2*i = -4*i + 156. What is the highest common divisor of i and r?
39
Let z = 5592 - 4248. What is the highest common factor of z and 105?
21
Let c(l) = -l**3 + 81*l**2 - 162*l + 331. Let x be c(79). Calculate the highest common divisor of x and 420.
15
Suppose 32*p + 20*p - 1560 = 0. Calculate the greatest common factor of 27870 and p.
30
Suppose -40 = 4*i - 128. Let g be 20/110 - (-2988)/i. Let a = -22 - -56. What is the highest common factor of a and g?
34
Suppose -u - 975 = 12*u. Let a = u - -89. What is the highest common factor of a and 2?
2
Let b(d) = -d**3 - 84*d**2 - 174*d - 330. Let t be b(-82). Let a(h) = h**2 - 10*h - 14. Let z be a(-7). What is the highest common factor of t and z?
35
Let m be 5/((-15)/12) - 9/(-3). Let n be (-6*1)/(115/(-100) - m). Calculate the highest common divisor of n and 5.
5
Let f(o) = -33*o - 627. Let u be f(-25). What is the highest common factor of 486 and u?
18
Let z(r) = 91 + 5*r - 19*r + 4*r + 6*r. Let k be z(21). Calculate the greatest common divisor of 2 and k.
1
Let u be (2 + 848/10)*(-20 - -30). What is the greatest common divisor of 28 and u?
28
Suppose -p = -4*s + 5435, -184*s + 3*p = -181*s - 4083. Calculate the greatest common divisor of s and 14.
14
Let s be 303/12 - (-24)/128*4. Let r = -436 + 618. Calculate the highest common factor of r and s.
26
Let a be 7257 - 2/(24/60). Calculate the highest common factor of 49 and a.
49
Suppose -31*o + 19 = -43. Let z be o + (-32)/24 - 308/(-6). What is the highest common factor of 78 and z?
26
Let u(f) = -2*f**3 + 27*f**2 + 62*f - 184. Let c be u(15). Suppose 6*v - 2*v = 1136. Calculate the highest common factor of v and c.
71
Let k be ((-52)/8)/(1/(-18)). Let a be (-4 + 39/9)*k. Let i = -28 + a. What is the greatest common factor of i and 22?
11
Suppose -579*u + 88 = -564*u - 122. What is the greatest common factor of u and 3794?
14
Let j = -32 - -32. Suppose 4*g - 1 = 4*o + 11, -2*g + 10 = j. Suppose o*p - p - 35 = 0. Calculate the greatest common factor of p and 70.
35
Suppose -2*s = -3*f + 1047, -57*f + 641 = -55*f + 5*s. Calculate the greatest common factor of f and 4949.
49
Let d be ((-5)/((-20)/21))/(24 + (-376971)/15708). What is the highest common divisor of 510 and d?
51
Let w be 32/(-56) + (-20)/7*227160/(-50). What is the highest common factor of w and 20?
20
Let o(w) = w**2 + 6*w - w**2 + 9*w**2 - 3*w. Let y be o(2). Let m = 87 - y. Calculate the highest common divisor of m and 18.
9
Let p = 118 + -52. Let n be (-5)/(30/(-84)) - 7. Let f be 32 - 3*n/(-21). What is the highest common factor of f and p?
33
Let l be ((-14229)/204)/(2/(-16)). Calculate the greatest common factor of 126 and l.
18
Suppose 28*m - 50305 = 23*m - 5*k, -k = 4. Calculate the greatest common factor of 45 and m.
15
Suppose -65*f + 48*f = -3927. What is the greatest common factor of 210 and f?
21
Suppose -1001 = -40*j + 80 + 1999. Suppose -4*a = 2*o - 84, 4*o - 2*a - 168 = -0*a. Calculate the highest common divisor of o and j.
7
Suppose 0 = -5*z + 4*j + 1652, 179*z = 175*z + 5*j + 1327. What is the greatest common factor of z and 240?
8
Suppose -2*k + 205*c - 202*c = -17928, 2*k - 17912 = -5*c. What is the highest common factor of k and 103?
103
Let w be (-13 + -2)*(3 + -5). Let x be 9/w*-2 + 756/10. Calculate the highest common factor of 75 and x.
75
Suppose 43*m - 44*m = -59. Let r = 61 - m. Suppose -2*j = r*j - 20. Calculate the highest common factor of 5 and j.
5
Let g(r) = 2687*r + 10874. Let i be g(-4). Let q be 1/(-3) + (-165)/(-9). What is the greatest common factor of q and i?
18
Let h = -21 - -21. Suppose h = 8*u - 179 + 11. Let a be ((-399)/(-76))/(2/88). What is the greatest common divisor of a and u?
21
Let i = 88 - 69. Let q(v) = -v - 5. Let w be q(-7). Suppose 3*u - 147 - 232 = 4*x, w*x + 655 = 5*u. Calculate the highest common divisor of i and u.
19
Suppose -3*j + 8*j = -4*v + 2788, -v = 3*j - 1677. Suppose 0 = 2*u + 2, -2*o = o + 4*u - 101. What is the highest common factor of o and j?
35
Let j(p) = -2*p + 5. Let n be j(-5). Let w = n - -23. Suppose 136*v - 53423 = -161*v - 19565. Calculate the highest common factor of w and v.
38
Suppose -29753 - 27087 = -28*g. Calculate the greatest common factor of 70 and g.
70
Let t = 179 + -183. Let s(l) = -4*l**3 - 14*l**2 - 4*l - 7. Let d be s(t). What is the highest common factor of 82 and d?
41
Let p be 2/((-10)/35)*64/(-28). What is the greatest common divisor of p and 3592?
8
Let z be 1 + (-50)/(-4) - (-2949)/(-1966). What is the highest common factor of 2586 and z?
6
Suppose 323 = 3*x + 5*y, 538 = 5*x - y - 19. Suppose 3 = 2*s - s. What is the greatest common divisor of s and x?
3
Let p(w) = 24*w**3 - w**2 + 18*w - 21. Let m be p(5). Let t be m/7 - 28/(-196). Calculate the highest common divisor of t and 15.
15
Let c = -209 + 214. Suppose -c*j + 753 = -347. What is the greatest common factor of 20 and j?
20
Suppose -4*r = -2*i - i + 14, -5*i + 12 = -r. Suppose 56*q + 36 = 62*q. What is the greatest common factor of q and i?
2
Let f(h) = -355*h + 960. Let s be f(2). What is the greatest common divisor of s and 10?
10
Let j(r) = r**3 - 13*r**2 + 9*r - 3. Let l be j(6). Let y = l + 109. Let s be (y/(-5) - 8/20)/1. Calculate the highest common divisor of s and 18.
18
Let k = 182 + -89. Suppose k*o - 97*o = -92. Calculate the greatest common divisor of 23 and o.
23
Let f = -1373 + 6923. Calculate the highest common divisor of f and 150.
150
Let w(c) = -51*c**3 + 40*c + 72. 